 = 11 + -17. Let b(g) be the third derivative of -g**6/120 - g**5/12 + 5*g**4/24 + 5*g**3/6 + 2*g**2. What is b(r)?
11
Let l(m) = -m**3 + 9*m**2 + 9*m + 3. Let r(h) = -2*h + 47. Let w be r(18). Suppose -w*t + 120 = t. Give l(t).
-7
Let j be 12/(-54) - -263*(-1)/(-9). Let v = j + -24. Let c(u) = u**3 - 4*u**2 - 6*u + 3. Calculate c(v).
-2
Let d(z) be the third derivative of z**5/60 + 8*z**2. Let b(p) = p**2 + p + 1. Let x(u) = 5*b(u) - 4*d(u). Suppose 5 + 15 = -4*s. Calculate x(s).
5
Suppose -4*y = -3*q - 63, 4*y - 2*q = -0*q + 58. Suppose y*t + 16 = 4*t. Let v(f) = -f**3 - 4*f**2 - 2*f. Calculate v(t).
-4
Let t(u) = -u**3 + 2*u**3 - 2 + 348*u**2 + 4*u + 5 - 344*u**2 - 1. What is t(-3)?
-1
Let f(o) = o**2 - 14*o + 15. Suppose -3*k = -v + 21, 0 = -7*v + 4*v + 2*k + 42. Determine f(v).
-9
Let q(p) be the second derivative of 1/3*p**3 + 0 - 5/2*p**2 + 11*p. Calculate q(6).
7
Let g(y) be the third derivative of -y**6/360 + 7*y**5/120 + 7*y**4/24 - 11*y**2. Let s(p) be the second derivative of g(p). Calculate s(5).
-3
Let n = -11 - -19. Let b(i) = 3*i - 6 - 2 + 14 - 1 - 4*i. Determine b(n).
-3
Let j be (-1552)/(-128) - (-3 + (-125)/(-40)). Let x(m) be the third derivative of m**5/60 - 13*m**4/24 + m**3 + 2*m**2. What is x(j)?
-6
Let n(i) = -4*i + 8. Let c(s) = 5 - 3*s - 4 + 6. Let l(y) = -6*c(y) + 5*n(y). Suppose 5*u - 6 = 3*u. Calculate l(u).
-8
Let y(u) = -21*u - 693 + 630 + 10*u. Give y(-6).
3
Suppose -27*n - n - 168 = 0. Let v(w) = -7*w - 40. What is v(n)?
2
Let b(w) = w**3 - 3*w**2 - 5*w + 5. Suppose 0 = 37*l + 8 - 156. Give b(l).
1
Let k(q) = -q**2 + 4*q - 4. Let t(h) = h - 1. Let m(s) = k(s) - 3*t(s). Determine m(-3).
-13
Let m = -59 - -32. Let q be 3*3*9/(m/2). Let o(k) = -3*k - 9. Give o(q).
9
Let a(h) = 21*h + 14. Let g be a(-2). Let b be g/8 + 2 - (-6)/(-4). Let v(k) = -5 - k + 6 + 2*k. Give v(b).
-2
Let b(l) = -6*l - 1. Let j be 6/(-16)*-4*20/6. What is b(j)?
-31
Let x(k) = -k. Let y(r) = -2*r. Let h = -91 + 90. Let b(j) = h*x(j) + y(j). Let u(p) = -4*p**3 - 2*p**2 + p. Let z be u(1). What is b(z)?
5
Let s(o) = -3*o - 35. Let b be (4 - 48/15)*(-1085)/62. Determine s(b).
7
Let m = 15 - 26. Let b = -7 - m. Let z(a) = -1 + 7*a + 2*a**2 - b + 28*a**3 - 29*a**3. What is z(4)?
-9
Let j(d) = 2*d + 2. Let k(q) = -22 + 11 + q + 12. Let a(f) = -2*j(f) + 5*k(f). Let y be 2*(-1 - (0 + -2)). Determine a(y).
3
Suppose -1 = -x + 3. Let y(g) be the third derivative of -g**4/12 + g**3 + 4*g**2 - g. Determine y(x).
-2
Let i(y) = 2*y + 7. Let f be i(-5). Let b(u) be the first derivative of -u**2/2 - 3*u - 227. Determine b(f).
0
Let p(s) = s**3 + 2*s**2 + 1. Let f be -1 - -2 - (-120)/(-40). Determine p(f).
1
Let i(u) be the first derivative of u**2/2 - 9*u + 2. Suppose 0 = 5*c - q - 1, -3*c - 3 = 2*c + 3*q. Suppose c = -99*a + 97*a - 14. Calculate i(a).
-16
Let c be 9*(35/15 - 2). Let h(t) = 3*t**2 + 43*t + 0*t**3 - 49*t - 2*t**3 + c*t**3 - 4. Calculate h(-4).
4
Let w(p) = p**2 + 6*p - 9. Let i = -5 - -57. Suppose -3*f - i = -28. Give w(f).
7
Suppose -14 = -5*p + 1. Let g = 20 + 4. Suppose 6*b = 3*q + p*b - 9, 3*q + 2*b = g. Let w(c) = -c**2 + 9*c - 8. Determine w(q).
10
Let t(y) = -4 - 5 + 33*y + 8 - 14*y - 18*y. Determine t(6).
5
Let k(x) = x**2 + 15*x - 309. Let j be k(12). Let h(g) = -g**3 + 16*g**2 - 14*g + 14. Give h(j).
29
Let z(l) be the second derivative of -l**5/60 - l**4/24 + 3*l**2 - 7*l. Let d(k) be the first derivative of z(k). Calculate d(-4).
-12
Let k(y) be the third derivative of y**4/24 - y**3 - 32*y**2 + 8*y. Give k(-7).
-13
Let o(u) be the first derivative of -u**3/3 + 9*u**2/2 - 3*u - 1784. Let f be (24/(-2))/(3/(-2)). What is o(f)?
5
Let i(x) = 8*x + 39*x**2 - 20*x**2 - 11*x**2 - x**3 - 9*x**2 + 2 - 3*x. Let j be 1 + 2/(-2)*4. What is i(j)?
5
Let v = -6 + 2. Let t be v/6 - (-11)/3. Suppose 5 = -l, -t*p + 5*p - 21 = 5*l. Let c(w) = -w**3 - 2*w**2 - 2*w - 3. Give c(p).
1
Let h(x) = x**2 - 10*x. Suppose 2*z - 13 = -1. Let a(u) = u**2 + 2*u - 40. Let r be a(5). Let b(n) = n**2 - 11*n - 1. Let i(j) = r*b(j) + z*h(j). What is i(5)?
5
Suppose 2*f = 4*o - 32, 3*o - f + 5*f = 13. Let y be 21/o*(2 - 1). Let h(s) = -s**2 + 2 - 4 + y. Give h(0).
1
Let z(c) = 7*c**3 + 14*c**2 + 9*c - 25. Let j(x) = 3*x**3 + 7*x**2 + 5*x - 11. Let q(p) = 9*j(p) - 4*z(p). Give q(8).
9
Let v = 59 + -57. Let n(z) = 9*z - v*z - 11*z - 2 + 5*z. Calculate n(4).
2
Let u(p) = 16*p**2 + 21*p - 28. Let t(b) = 3*b**2 - 1. Let y(f) = 5*t(f) - u(f). Determine y(-22).
1
Let q be (-6)/(-9) - (-4)/3. Let v = 10 + q. Suppose v = -2*r + 3*m, -r + 4*m = -5*r - 24. Let g(o) = o**2 + 5*o - 2. Give g(r).
4
Let r(q) = 20*q**3 - 7*q - 9*q**3 + 3 - 10*q**3 - 5*q**2 + 0*q - 2. What is r(6)?
-5
Let v(s) = s**2 - 2*s - 3. Let m(d) = d + 1. Let h(f) = 2*m(f) + v(f). What is h(-5)?
24
Let r(q) = q + 2. Let c(a) = 2*a + 4. Let b(l) = 6*c(l) - 11*r(l). Let w(h) = 5*h - 4. Let k be w(0). Calculate b(k).
-2
Suppose 4*c - 10 = 2*c. Let q(o) = 7 - 21*o + 0*o - o + 8*o + 8*o. What is q(c)?
-23
Let v(f) = 5*f + 1. Let y(d) = -11*d - 1. Let x(w) = -13*v(w) - 6*y(w). Let i be 1*(-14 + 3)/1. Let t(p) = p**2 + 10*p - 4. Let m be t(i). What is x(m)?
0
Let y(u) = -u - 1. Let k(m) = m + 6. Let p(v) = -k(v) - 4*y(v). Let i(s) = 2*s - 1. Let b(z) = 5*i(z) - 3*p(z). What is b(-3)?
-2
Let b be ((-105)/(-30))/((-2)/(-4)). Let u(h) be the first derivative of h**2/2 - 10*h + 40. What is u(b)?
-3
Let o(r) = -7*r - 9. Let i(z) = z + 1. Let h(c) = 4*c + 3. Let a(t) = -h(t) + 3*i(t). Let m(j) = 4*a(j) - o(j). Calculate m(-6).
-9
Let c(i) = i**2 - 8*i - 11. Let t(a) = -3*a - 6. Let v be t(-3). Let d(y) = y**2 - 2*y + 6. Let p be d(v). Give c(p).
-2
Let c(n) = -1 - 2*n**2 - 3*n**2 + 7*n**2 + n. Let u be 7/(-2) + 187/34. Determine c(u).
9
Let s(x) be the second derivative of -x**3/2 + 5*x**2/2 - 6*x + 32. What is s(-2)?
11
Let q(j) = j**3 - 13*j**2 - 10. Suppose -533 = -59*h + 18*h. What is q(h)?
-10
Let q(y) = 6*y + 66. Let m be q(-12). Let g(l) = l**3 + 6*l**2 - 2*l - 7. Give g(m).
5
Let o(s) = -s**3 - 4*s**2 - 2*s - 2. Let h(x) = -x + 4. Let z be h(3). Let w be (-15)/(-30)*(z + -1). Suppose 5*b + 4*l + 2 = 3, w = -2*l + 8. Calculate o(b).
-5
Suppose 5*u + 6*v = 3*v - 122, -92 = 4*u + v. Let z(d) = d**2 + 21*d - 22. What is z(u)?
0
Let c(a) be the third derivative of a**6/360 + a**5/40 - 8*a**3/3 + 5*a**2. Let u(p) be the first derivative of c(p). What is u(-5)?
10
Let w(v) = -2878*v + 2877*v - v**2 + 3*v**2 - 2*v**2 + 2*v**3 + 2. Determine w(-2).
-12
Let i(p) = -p + 6. Let b be (-15)/25 + (-712)/(-20). Let s = b + -32. Give i(s).
3
Let j be (8 - -2)/(-2)*(-22)/55. Let d(x) = -2*x**2 - 3*x + 11 + x**j - 8 - 3*x. Calculate d(-6).
3
Let j(v) = 3*v + 78. Let m be j(-27). Let u(x) = -3*x**2 - 7*x + 8. Determine u(m).
2
Let g(u) = u**2 + 8*u + 4. Let r be g(-6). Let x(i) = -14 - i - 12 + 34 - 12. Determine x(r).
4
Suppose -4*l - 29 = -9. Let w(n) = -n**3 - 9*n**2 + 4*n - 29. Let j(t) = t**3 + 8*t**2 - 4*t + 25. Let s(p) = -6*j(p) - 5*w(p). Determine s(l).
25
Let z(u) = 7*u**2 - 15 - 661*u + 1314*u - 655*u - u**3 - u**2. What is z(5)?
0
Let j(u) = 237*u**2 - 112*u**2 - 2*u - 116*u**2. Give j(2).
32
Suppose -266*t = -269*t + 15. Let w(u) = -2*u + 5. Calculate w(t).
-5
Let c be (-2)/(-2)*(-5)/5. Let v(a) be the third derivative of -a**5/60 - a**4/24 - a**3/6 - a**2. Let h(d) be the first derivative of v(d). Calculate h(c).
1
Suppose -73*o + 144*o = -142. Let l(m) = m**2 + 1 + m**3 + 1 - 2*m**3 + 3*m. Determine l(o).
8
Let t(u) = 2*u + 16. Let n(m) = -2*m**2 - 14*m - 5. Let c be n(-6). Give t(c).
30
Let u(k) = 2*k**2 + 20*k + 5. Let h(g) = -9*g**2 - 103*g - 23. Let b(q) = 2*h(q) + 11*u(q). Determine b(-5).
39
Let h(t) be the second derivative of t**3/6 - 7*t**2/2 - 794*t. Let g(k) = k**2 - 2*k - 3. Let s be g(4). Calculate h(s).
-2
Let k be 1 - 7/(7/(-2)). Suppose -4*u = k*i + 2 - 3, 5*u + 19 = 3*i. Let t(a) be the second derivative of a**3/6 + 2*a**2 + 2*a. What is t(i)?
7
Suppose 4*m = -5 - 19. Let f(a) be the third derivative of -2/3*a**3 + 0 + 2*a**2 + 0*a - 1/24*a**4. Determine f(m).
2
Let q be (-1)/(-2 + 15/6). Let y(u) be the first derivative of -3*u**2/2 - 3*u - 2. Calculate y(q).
3
Let h = -23 + 27. Let k(t) = 0*t**3 + 0*t**3 + 9*t**2 + t**3 - 4*t**2 + 3*t - h. Suppose 3*j + 2 = 2*j, 2*z = -j - 10. Determine k(z).
0